ommon factor of z and l?
2
Let x = 123 - 84. Suppose -5*h - p + 62 = 0, -4*p + x + 29 = 5*h. Let s be 61 + 2 + -5 + 2. What is the highest common divisor of h and s?
12
Suppose i + 2*i = -2*p + 14, p = -5. Let u = -4 + i. Suppose 4*h - 2*k = 110, -u*k + 5 - 1 = 0. What is the highest common divisor of 42 and h?
14
Suppose g = -3*j + 24, -5*j = g - 29 + 11. What is the highest common divisor of g and 297?
33
Suppose 0 = 3*n - n - 18. Suppose 4*k + n = 29. Suppose k*z - 24 = -3*h + 2*h, z = -4*h + 20. What is the highest common factor of 1 and z?
1
Suppose -q + 25 + 62 = 0. Let p = q + -51. Suppose u - 5 + 1 = 0. Calculate the highest common divisor of u and p.
4
Let b(m) = m**2 - m + 35. Let l be b(0). Let c = -9 + 14. Calculate the greatest common divisor of c and l.
5
Let y be 14/18 + (-4)/(-18). Let l(o) = -2*o + 8. Let p be l(6). Let h be (p - 8)*(-1)/2. What is the greatest common divisor of h and y?
1
Let c(n) = n**2 + 8*n + 10. Let y be c(-7). Suppose -15 = -y*w + 9. Suppose 3*m - 5*s + 21 = m, 16 = -2*m + 4*s. What is the highest common divisor of w and m?
2
Suppose -r = -3*r + 28. What is the greatest common divisor of 14 and r?
14
Suppose -l = -16 - 4. Let j = 148 + -88. Calculate the highest common factor of j and l.
20
Suppose -4*s = 5*x - 17, -2*s + 5*s - 9 = 0. Calculate the greatest common factor of x and 6.
1
Let o(y) = y**3 + 5*y**2 - 5*y - 7. Suppose 3*i + 19 = 2*v, -4*i + v = 3*v + 16. Let m be o(i). Let f = 3 + 6. Calculate the highest common divisor of m and f.
9
Suppose 4*a = -2*z - 6, -2*a = -4*z - 0*a - 42. Let i be z/(-12) + (-397)/(-4). What is the greatest common factor of i and 40?
20
Suppose -2*i + 273 = -l, 3*i + 2*l - 414 = 5*l. What is the highest common divisor of i and 15?
15
Let y(c) = 2*c**2 + 10*c - 9. Let n be y(-8). Calculate the greatest common divisor of 351 and n.
39
Suppose -2 = -t, -225 - 33 = -3*c + 3*t. Calculate the highest common divisor of 8 and c.
8
Let n = 97 + -29. Suppose -4*j = 3*o + j - 47, -2*j = -5*o + n. Calculate the greatest common divisor of o and 7.
7
Suppose -5*l = -340 - 200. Calculate the greatest common factor of 12 and l.
12
Suppose 0 = 5*d - 12 - 73. Suppose -22*k + 25 = -d*k. Calculate the greatest common divisor of 30 and k.
5
Suppose -4*j + 5*i = -60, -41 = -3*j + 3*i + 4. Calculate the greatest common factor of j and 3.
3
Let z = 33 - 23. Let j(a) = -a**3 + 4*a**2 + 3*a. Let g be j(4). Let c be ((-15)/6)/((-1)/g). What is the highest common factor of c and z?
10
Suppose -3*g = -18 - 339. What is the highest common factor of 17 and g?
17
Suppose -2*c + 12 = 2*c + 4*h, -4*c = 5*h - 13. Let s = -6 + 8. Suppose 2*w + q - 41 = -s*q, -c*q = 5*w - 86. Calculate the highest common divisor of 24 and w.
8
Let f(q) = -5*q - 5*q + 0*q. Let n be f(-6). Let l = -6 - -18. Calculate the greatest common divisor of n and l.
12
Suppose -4*j - 2 = -5*j. Suppose -j*d + 168 = 32. Calculate the greatest common divisor of d and 17.
17
Suppose 3*p = 6, 8 = -2*n - 0*n - 4*p. Let o = n - -16. What is the greatest common divisor of 8 and o?
8
Let l be (-602)/(-8) + -1 - 9/(-12). Let p(m) = 37*m**2 + 2. Let w be p(-2). Suppose 3*b - w = -2*b. Calculate the highest common divisor of l and b.
15
Suppose 5*o - 1352 = -4*l, -9*l + 4*l + 1731 = -4*o. What is the greatest common factor of 49 and l?
49
Let s(o) = -o**3 + 7*o**2 - 3*o - 6. Let m be s(5). Let f = 57 - m. Let k = 10 + -6. Calculate the highest common factor of f and k.
4
Suppose -60 = -3*h + 69. Suppose 53 = 4*s - h. Suppose -4*v + v - 5*o + 49 = 0, -5*o = -25. Calculate the greatest common factor of v and s.
8
Let h = 94 + -29. Let q(l) = 2*l**3 - 6*l**2 - 5*l + 1 - l**2 - 12 - l**3. Let k be q(8). What is the highest common divisor of k and h?
13
Let m be -3 - -4 - (-1)/1. Let f be (2/(-2))/((-1)/m). Let y be f/1*2 - 2. What is the highest common factor of y and 1?
1
Let c = -17 + 37. Suppose -4*j - 4*g + 92 = 0, 4*g - 44 = -5*j + 68. What is the highest common divisor of c and j?
20
Let b(t) = t**3 + 11*t**2 + 2*t - 11. Let f be b(-11). Let v = 6 + -3. Let c = v - f. Calculate the highest common divisor of c and 4.
4
Let i = -14 + 25. What is the greatest common divisor of i and 11?
11
Let m be 84*-8*(-6)/18. What is the highest common factor of m and 14?
14
Let w = -39 + 45. What is the highest common factor of 18 and w?
6
Suppose z - 4 = -1. Let j = z - -6. Let q(u) = 2*u**3 - 6*u**2 - 4*u + 1. Let t be q(5). What is the highest common factor of j and t?
9
Let m = 9 + -6. Let f be m - (-3 + (2 - 2)). Calculate the greatest common factor of 30 and f.
6
Suppose -4*p = -4*j - 216, 0*p + 114 = 2*p + j. Suppose 3*z = 16 + p. What is the greatest common factor of 6 and z?
6
Suppose -2*u = 2*u - 60. Calculate the greatest common divisor of 30 and u.
15
Suppose 0 = -4*p + 5 + 15, -2*y + 17 = 3*p. Suppose 5*s - 10 = -3*a, 2*s + 7*a = 4*a + 4. What is the greatest common factor of s and y?
1
Suppose 0 = -6*c + 3*c - 9, -h + 4 = c. Calculate the highest common divisor of h and 259.
7
Let c be 2 - 3 - (-20 + 3 + -2). Calculate the highest common divisor of c and 27.
9
Let f be (-56)/(-6) + (-2)/6. Suppose -5*a + 6 = -24. What is the greatest common divisor of a and f?
3
Let t = -10 - -15. Let u = t - 2. Calculate the highest common factor of 15 and u.
3
Let x(q) = -q + 7. Let u be x(-15). Calculate the greatest common divisor of 2 and u.
2
Let q(c) = 2*c + 4. Let h be q(0). Calculate the highest common factor of h and 68.
4
Suppose 0 = -0*u - 3*u + 21. Suppose -u*c + 3*c - 32 = 0. Let y(t) = t**2 + 7*t + 12. Let m be y(c). Calculate the highest common divisor of m and 30.
10
Let m(o) = o - 3. Let t be m(7). What is the highest common divisor of 116 and t?
4
Let j be 1 + (-1 - 4/(-2)). Suppose 4*n + 197 = 5*o, -j*o - 5*n = -6*o + 154. Let v = o + 19. What is the greatest common factor of v and 24?
12
Suppose 2*k - 2*g + g = 401, -3*g - 807 = -4*k. What is the highest common divisor of 22 and k?
22
Suppose 0 = 5*h - 1 - 4. Suppose -4*n = 4*u - 0*n + 4, 5*n = 2*u - 5. Suppose u*b + b = 1. Calculate the greatest common factor of h and b.
1
Suppose 0 = -5*v + 4*v + 5. Calculate the highest common factor of v and 25.
5
Suppose 5*h - 62 = 8. What is the greatest common factor of h and 70?
14
Let v(b) = -3*b**3 + 13*b**2 + 5*b - 5. Let f be v(4). Let g(u) = -u + 62. Let a be g(0). Calculate the highest common factor of f and a.
31
Suppose -6*v = -6 - 594. Let q = 50 - 30. Calculate the greatest common factor of q and v.
20
Suppose 6 = 5*v + r - 4*r, 4*v - 3 = 3*r. Suppose -v*w - l = -3, 0 = 2*w - w + 3*l - 1. What is the greatest common factor of 8 and w?
1
Let y be (-24)/(-5)*(3 - -2). Suppose 2*o + 0 = 6. Let j = o + 0. Calculate the greatest common factor of j and y.
3
Suppose -3*w + 553 - 145 = 0. Suppose -w = -3*y + v, -3*y = -2*y + 3*v - 42. What is the greatest common divisor of 9 and y?
9
Let u(o) = 10*o**2 - 2*o + 2. Let i be u(2). Let v be 4*((-12)/(-16) - -4). What is the greatest common factor of v and i?
19
Let n be 1/(-2*2/(-68)). Let o(p) = -9*p - 8*p + 5*p + 3. Let k be o(-4). Calculate the greatest common divisor of k and n.
17
Let j(a) = -a**3 + 2*a. Let x be j(-2). Let b be (x/20)/(3/15). Calculate the greatest common divisor of 1 and b.
1
Let b be (2/2)/((-3)/(-51)). Calculate the highest common divisor of 153 and b.
17
Let n(y) = -y**3 + 15*y**2 + 14*y + 38. Let l be n(16). Let b = -9 + 21. What is the highest common factor of b and l?
6
Let t be 57 + 1/(2 - 3). Let r(c) = c**2 - 21*c + 13. Let j(k) = k - 1. Let n(d) = 6*j(d) + r(d). Let b be n(15). What is the greatest common factor of t and b?
7
Let t be (-123)/(-1) - (4 + -2). Suppose -8 + 2 = -2*v. Suppose n + 22 = v*n. Calculate the highest common factor of t and n.
11
Suppose -2*c - 2 = -3*c. Suppose 28*d - 9*d - 38 = 0. What is the highest common factor of c and d?
2
Let t be ((-59)/3)/(7/(-42)*2). Calculate the highest common divisor of t and 59.
59
Let s(y) = 23*y**3 - y**2 - 2*y. Let f be s(2). Let c be (-66)/4*36/(-27). Calculate the greatest common divisor of f and c.
22
Let g(x) = 13*x + 14. Suppose 3*a - 16 = -a, -2*i = 4*a - 36. Let z be g(i). What is the greatest common factor of 16 and z?
16
Let f = -451 + 676. Calculate the greatest common divisor of 25 and f.
25
Sup